Is 3421696 a multiple of 82?
True
Does 515 divide 332690?
True
Does 73 divide 225454?
False
Is 215508 a multiple of 18?
False
Is 9 a factor of 87966?
True
Is 29 a factor of 145783?
True
Is 141327 a multiple of 15?
False
Is 27378 a multiple of 169?
True
Is 1012726 a multiple of 143?
True
Is 47 a factor of 2821512?
False
Does 15 divide 1366646?
False
Does 49 divide 4767602?
True
Is 9800748 a multiple of 122?
True
Does 51 divide 799028?
False
Does 11 divide 140913?
False
Is 3 a factor of 362245?
False
Is 159838 a multiple of 466?
True
Is 128 a factor of 528768?
True
Does 15 divide 1471275?
True
Is 1318953 a multiple of 185?
False
Is 3 a factor of 108822?
True
Does 14 divide 22820?
True
Is 327 a factor of 2298483?
True
Does 71 divide 355710?
True
Does 504 divide 3008056?
False
Does 12 divide 1313344?
False
Does 288 divide 78256?
False
Does 148 divide 915778?
False
Is 2849494 a multiple of 9?
False
Does 11 divide 1129302?
False
Is 9 a factor of 341082?
True
Is 1059375 a multiple of 772?
False
Is 341909 a multiple of 148?
False
Does 754 divide 9204078?
True
Is 6252871 a multiple of 862?
False
Does 55 divide 6196740?
True
Does 86 divide 10234?
True
Is 115 a factor of 499071?
False
Does 6 divide 34941?
False
Is 19 a factor of 146585?
True
Is 1091629 a multiple of 11?
True
Does 2208 divide 14793863?
False
Does 158 divide 22924062?
True
Does 24 divide 377075?
False
Is 251604 a multiple of 116?
True
Is 6 a factor of 5565084?
True
Is 664996 a multiple of 210?
False
Does 145 divide 850377?
False
Is 29532 a multiple of 107?
True
Is 25 a factor of 182725?
True
Is 19470935 a multiple of 11?
True
Does 109 divide 420721?
False
Does 458 divide 10785900?
True
Is 37 a factor of 4568594?
False
Is 5788 even?
True
Does 111 divide 1487389?
False
Is 28 a factor of 6063988?
True
Is 69696 a multiple of 10?
False
Does 8 divide 8303352?
True
Is 1867605 a multiple of 2?
False
Is 64323 a multiple of 39?
False
Does 72 divide 14041?
False
Is 114 a factor of 4690188?
True
Is 349 a factor of 751054?
False
Is 59 a factor of 361434?
True
Is 27 a factor of 22056?
False
Is 27803 a multiple of 2?
False
Is 1954472 a multiple of 52?
True
Is 690 a factor of 428007?
False
Is 24 a factor of 2172145?
False
Is 257 a factor of 72917?
False
Is 1834710 a multiple of 15?
True
Is 78582 a multiple of 42?
True
Is 38 a factor of 1573846?
True
Is 13 a factor of 22918197?
False
Does 107 divide 13348464?
True
Does 13 divide 591435?
True
Does 15 divide 433739?
False
Is 21 a factor of 5030511?
False
Is 3986188 a multiple of 132?
False
Does 9 divide 284841?
True
Does 23 divide 155342?
True
Does 29 divide 117566?
True
Does 55 divide 8154453?
False
Does 300 divide 742800?
True
Is 599 a factor of 349217?
True
Does 8 divide 1196340?
False
Is 88645 a multiple of 300?
False
Is 511296 a multiple of 44?
False
Is 424235 a multiple of 595?
True
Is 1308337 a multiple of 21?
False
Is 93728 a multiple of 202?
True
Is 157841 a multiple of 23?
False
Is 5 a factor of 441195?
True
Is 31954 a multiple of 6?
False
Is 72226 a multiple of 31?
False
Is 23 a factor of 935502?
True
Is 109359 a multiple of 2?
False
Does 19 divide 12970301?
False
Is 180 a factor of 388620?
True
Is 54 a factor of 839862?
True
Is 19183 a multiple of 104?
False
Does 20 divide 477743?
False
Does 45 divide 357565?
False
Is 27 a factor of 4617337?
False
Does 14 divide 771890?
True
Is 178464 a multiple of 12?
True
Does 463 divide 5384223?
False
Is 2378553 a multiple of 57?
True
Does 11 divide 1612069?
False
Is 619 a factor of 3750905?
False
Does 66 divide 208560?
True
Is 29 a factor of 312156?
True
Is 12 a factor of 622523?
False
Is 126695 a multiple of 6?
False
Is 3496497 a multiple of 8?
False
Is 32 a factor of 7334288?
False
Is 2640839 a multiple of 29?
False
Is 17 a factor of 1701230?
False
Is 137 a factor of 479500?
True
Does 308 divide 1592668?
True
Is 977772 a multiple of 102?
True
Is 10903 a multiple of 231?
False
Does 21 divide 173544?
True
Does 135 divide 241861?
False
Is 90 a factor of 11774867?
False
Is 2518584 a multiple of 408?
True
Is 1116 a factor of 531216?
True
Is 45 a factor of 3904079?
False
Is 76 a factor of 8729436?
True
Does 166 divide 348102?
True
Is 49963 a multiple of 214?
False
Is 13 a factor of 41886?
True
Does 545 divide 138430?
True
Does 2 divide 26672?
True
Is 2371892 a multiple of 824?
False
Is 252523 a multiple of 555?
False
Is 204162 a multiple of 11?
False
Does 201 divide 2023668?
True
Is 122 a factor of 102060?
False
Does 8 divide 4852342?
False
Does 145 divide 643617?
False
Does 907 divide 2881537?
False
Does 27 divide 174881?
False
Is 213 a factor of 12646236?
True
Does 26 divide 635561?
False
Is 5031 a multiple of 11?
False
Does 3 divide 40639?
False
Is 942544 a multiple of 16?
True
Is 67 a factor of 146236?
False
Is 417972 a multiple of 122?
True
Is 305 a factor of 1684877?
False
Is 3 a factor of 17937?
True
Is 11520 a multiple of 72?
True
Is 229537 a multiple of 6?
False
Is 411696 a multiple of 8?
True
Is 153 a factor of 1644138?
True
Is 13 a factor of 64857?
True
Does 7 divide 43464?
False
Is 883477 a multiple of 80?
False
Is 44333 a multiple of 101?
False
Is 8 a factor of 12299032?
True
Is 280440 a multiple of 15?
True
Is 414 a multiple of 3?
True
Is 19501425 a multiple of 217?
False
Is 1914812 a multiple of 986?
True
Does 7 divide 10633?
True
Is 398 a factor of 133330?
True
Does 22 divide 921262?
False
Is 8768137 a multiple of 41?
True
Is 36 a factor of 27355?
False
Is 1415387 a multiple of 89?
False
Is 273366 a multiple of 85?
False
Is 42 a factor of 8874600?
True
Is 374 a factor of 294712?
True
Is 1519 a multiple of 36?
False
Is 31237 a multiple of 21?
False
Is 13631 a multiple of 3?
False
Does 328 divide 4804216?
True
Does 149 divide 1114452?
False
Is 20 a factor of 13413?
False
Is 10 a factor of 209150?
True
Is 154 a factor of 502656?
True
Does 18 divide 1355858?
False
Does 21 divide 5446976?
False
Does 578 divide 4849420?
True
Is 189 a factor of 1679265?
True
Is 596195 a multiple of 5?
True
Is 35 a factor of 18619?
False
Is 12 a factor of 7453373?
False
Is 7 a factor of 4897529?
True
Is 519 a factor of 346159?
False
Does 40 divide 76680?
True
Is 2622848 a multiple of 372?
False
Is 44 a factor of 112860?
True
Is 13 a factor of 3573804?
True
Is 152556 a multiple of 12?
True
Is 191 a factor of 936736?
False
Is 141258 a multiple of 48?
False
Is 13 a factor of 127249?
False
Does 13 divide 116467?
True
Is 58776 a multiple of 237?
True
Is 171 a factor of 39672?
True
Is 167 a factor of 585335?
True
Is 108630 a multiple of 102?
True
Is 2 a factor of 12658?
True
Does 5 divide 11185?
True
Is 691920 a multiple of 558?
True
Does 6 divide 33321?
False
Is 306 a factor of 2245428?
True
Is 473 a factor of 670241?
True
Is 690540 a multiple of 340?
True
Is 39256 even?
True
Is 11 a factor of 5281996?
False
Does 15 divide 160935?
True
Is 17 a factor of 994840?
True
Is 1096046 a multiple of 26?
False
Does 166 divide 101034?
False
Is 775968 a multiple of 118?
True
Is 308632 a multiple of 8?
True
Is 296 a factor of 25456?
True
Does 159 divide 352662?
True
Is 117 a factor of 899028?
True
Does 14 divide 12572483?
False
Does 6 divide 818517?
False
Does 61 divide 508421?
False
Does 173 divide 1950911?
False
Is 45245 a multiple of 17?
False
Is 124 a factor of 290160?
True
Does 8 divide 219677?
False
Is 24196 a multiple of 39?
False
Is 490 a factor of 799528?
False
Does 13 divide 2840773?
True
Is 23 a factor of 232868?
False
Is 167975 a multiple of 10?
False
Is 1655435 a multiple of 9?
False
Is 46 a factor of 1925652?
True
Is 341343 a multiple of 23?
True
Does 25 divide 2929374?
False
Is 29 a factor of 268482?
True
Is 11467 a multiple of 64?
False
Is 1225986 a multiple of 33?
False
Does 13 divide 163915?
False
Does 1253 divide 3783310?
False
Is 84 a factor of 502908?
True
Does 17 divide 244209?
False
Is 1295700 a multiple of 84?
True
Does 16 divide 528928?
True
Is 559044 a multiple of 9?
True
Is 15 a factor of 1776270?
True
Is 550 a factor of 5930539?
False
Does 17 divide 38204?
False
Does 132 divide 658855?
False
Is 74304 a multiple of 12?
True
Is 56 a factor of 61099?
False
Does 47 divide 1477534?
False
Does 5 divide 3722?
False
Is 1182540 a multiple of 10?
True
Does 78 divide 10721321?
False
Is 180 a factor of 150441?
False
Is